 4*u**2 + 3*u + 0*u**2 - 3*u**2. Let a be f(6). Calculate the highest common factor of a and r.
6
Suppose 3*p = y - 51, 3*y - 195 = p - 50. Calculate the highest common factor of y and 528.
48
Let h = -20 - -110. Calculate the greatest common divisor of h and 10.
10
Let x(b) = b**3 - 9*b**2 - 10*b + 2. Suppose -4*d - 26 = -3*a, -5*a = d - 2*d - 49. Let o be x(a). Calculate the greatest common divisor of o and 4.
2
Suppose 4*k - 27 = 57. Suppose y = 4*y - k. Let f be 2/1 + 2*6. Calculate the highest common divisor of f and y.
7
Let p = -4 - -6. Suppose 0 = -4*k - 3*c + 16, p*k - c = 3*c - 14. What is the greatest common divisor of k and 2?
1
Let b be 57 + 1/1 - -2. What is the highest common divisor of 20 and b?
20
Suppose 18 + 57 = 5*t. Suppose -9*m + 5*m + 20 = 0. What is the highest common factor of m and t?
5
Let z(n) = -15*n - 51. Let y be z(-9). What is the greatest common divisor of y and 12?
12
Suppose 3 = 3*h - 2*h. Let f(p) = 2 + 0*p - h*p - 4 - 3*p. Let z be f(-5). Calculate the highest common factor of z and 4.
4
Let b = 8 - 8. Suppose c + m = -4*m + 34, b = 5*c - m - 40. What is the highest common divisor of c and 81?
9
Let r = -101 - -222. Calculate the greatest common factor of r and 11.
11
Let t be 3/(-6) - (-201)/6. Let r = -10 + 16. Suppose 0 = r*o - 2*o - 12. Calculate the highest common divisor of t and o.
3
Suppose 3*r = 6*r - 6. Let q(x) be the first derivative of 33*x**2/2 - 2*x - 2. Let j be q(r). What is the greatest common factor of j and 8?
8
Suppose -15 = 4*z - 9*z. Suppose z*h - 7*h + 128 = 0. What is the greatest common divisor of 80 and h?
16
Let y = 15 - -25. Suppose -k + 4*r = -60, 2*k - y = 3*r + 60. Let c be (-23)/(-4) + (-33)/k. Calculate the greatest common divisor of 5 and c.
5
Let o be (-6)/21 + 1014/21. Calculate the greatest common factor of o and 6.
6
Let a be 329/14 - (-3)/(-2). Calculate the greatest common divisor of a and 2.
2
Let a = -2 + 2. Suppose a = -6*y + 3*y + 108. Let k = 27 + -15. What is the greatest common divisor of y and k?
12
Let r = 55 - 53. Let w = -2 + 5. Suppose -9 = w*q, r*g - 16 = -q - 3*q. Calculate the highest common factor of g and 2.
2
Suppose 0*l + t - 91 = 3*l, 4*l - 3*t + 123 = 0. Let g = -15 - l. What is the highest common factor of g and 3?
3
Let k be (-18)/(-8)*(-8)/(-3). Suppose -m = 5*g - 20 - k, -8 = -2*g + 2*m. Calculate the greatest common divisor of 10 and g.
5
Let l(q) = 5*q**3 - 3*q**2 - 2*q + 10. Let p be l(3). Calculate the highest common factor of p and 7.
7
Let b be (-9 + -1)*(-1)/2. Suppose -b*r - 27 + 65 = c, -3*c = 2*r - 140. What is the highest common factor of c and 16?
16
Suppose -3*a - 2*g - 3*g + 115 = 0, 31 = a - 2*g. What is the greatest common divisor of a and 14?
7
Let u(o) = o**3 + 16*o**2 - 18*o. Let l be u(-17). Calculate the greatest common factor of 85 and l.
17
Let s(c) = 19*c**2 - c - 1. Let r be s(2). Suppose -x - 1 = 2. Let m = x + r. Calculate the highest common factor of m and 14.
14
Let y(h) be the third derivative of -h**6/60 - h**5/15 - h**4/12 + 4*h**2. Let p be y(-3). Calculate the greatest common divisor of 6 and p.
6
Suppose 0 = -4*d - 20, -4*d - d = 2*i - 107. What is the highest common factor of 33 and i?
33
Let m be 80/7 + 4/7. Calculate the highest common factor of 12 and m.
12
Let f(s) = 8*s**3 + s**2. Let o be f(1). Suppose 5 = 5*b + 5*j - 10, 2*b - 4*j = 24. Calculate the greatest common divisor of o and b.
3
Let l = -2 + 77. Let f = l - 229. Let k = -82 - f. What is the highest common factor of k and 18?
18
Suppose 0 = -27*p + 23*p + 504. Calculate the highest common divisor of 14 and p.
14
Suppose -5*n + 24 = -6*n. Let s = 8 - n. Calculate the highest common divisor of s and 4.
4
Let k(h) = -10*h. Let w(x) = -19*x + 1. Let d(b) = -7*k(b) + 4*w(b). Let u be d(-2). Calculate the greatest common factor of u and 112.
16
Suppose 4*v = 5*z + 3*v - 47, -2*z - 3*v + 29 = 0. Let q = 106 + -76. What is the highest common divisor of q and z?
10
Let d = 111 - 34. What is the greatest common divisor of 7 and d?
7
Let v(n) = -2*n**2 + n + 8. Let z be v(0). Let q = 1 - -1. Let u be 242/5 - q/5. Calculate the highest common divisor of z and u.
8
Let m(i) = 41*i + 2. Let o be m(2). Calculate the highest common divisor of o and 12.
12
Suppose -8 - 42 = -2*w. Suppose -p = 3*v - 30, -5*v + 50 = -5*p + 2*p. What is the highest common divisor of v and w?
5
Let j(d) = -d**3 + 4*d**2 + 6*d - 14. Let s be j(4). What is the greatest common factor of s and 70?
10
Suppose -2*a = 5 + 7. Let y be (-2)/(-3) - 176/a. What is the greatest common factor of 12 and y?
6
Let i(t) = t**3 + t. Let u be i(-1). Let p be 297/3 - (1 - u). Calculate the greatest common factor of p and 24.
24
Let w = -36 - -124. Calculate the highest common divisor of w and 16.
8
Let v be (-3 - 15/(-6))*2. Let f be ((-2)/(-6) - v)*54. What is the highest common factor of f and 8?
8
Let k be (-5)/((-5)/3) + 0. Let x be 90*(k - 4)*-1. Suppose -4*r = r - x. Calculate the greatest common factor of r and 6.
6
Let g = 11 - 12. Let w be (2 - 3)/(1/g). What is the greatest common divisor of w and 8?
1
Let g be (38/2)/((-1)/(-5)). Let m = g - 51. What is the greatest common factor of m and 11?
11
Let q = 0 - 1. Let t be -18*(q + 18/(-4)). What is the greatest common divisor of t and 11?
11
Let n = -337 - -348. Let a(u) = 3*u**2 + 8*u - 5. Let q be a(5). Calculate the greatest common factor of q and n.
11
Let n(w) = 15*w**3 + w**2 - 2. Let p be n(1). What is the greatest common divisor of 70 and p?
14
Suppose 3 = -6*g + g - o, 3*g = 2*o + 6. Let y be (-11*1)/(g - 1). Let p = y - -10. What is the greatest common factor of 147 and p?
21
Let i be (-1652)/(-18) - (-2 + (-48)/(-27)). What is the greatest common divisor of 69 and i?
23
Let i = 27 + -13. Calculate the highest common divisor of 2 and i.
2
Suppose 3*g - 4*g + 700 = 2*j, -3*j - 4*g = -1050. Suppose 9*a = 4*a + j. What is the highest common divisor of 28 and a?
14
Let f be (10/(-15))/((-2)/87). Let p = -20 + 34. Let l = f - p. What is the greatest common factor of l and 60?
15
Let k(u) = -u - 4. Suppose 2*g - 6 = 3*j + 6, 0 = -5*j - 3*g - 1. Let h be k(j). Let z be (-2)/((-26)/12 - h). What is the greatest common divisor of 30 and z?
6
Suppose 7*z + 48 = 4*u + 2*z, 0 = 5*u - 5*z - 55. Suppose -30 = -u*s + 4*s. What is the greatest common divisor of 10 and s?
10
Suppose -5*s + q + 1324 = 0, 7*q - 2*q = 3*s - 812. What is the greatest common factor of 24 and s?
24
Suppose -3*w + 246 = -3*v, -2*v + 6*v - 8 = 0. Let q be (-9)/(-48)*4*28. What is the highest common divisor of q and w?
21
Let g(j) be the second derivative of j**5/20 - j**3/3 + j**2/2 + 2*j. Suppose -4*p + 8 + 0 = 0. Let k be g(p). What is the highest common divisor of 25 and k?
5
Let v = -41 + 46. Calculate the highest common factor of 40 and v.
5
Let b(j) = 2*j**2 - 4*j + 5. Let z be b(2). Let p be 36 + 1 + (2 - -1). Calculate the greatest common divisor of p and z.
5
Let h be (2 + 6)/((-7)/(-14)). Calculate the greatest common divisor of 16 and h.
16
Suppose 3*c = -2*x - 8, 2*x = 5*c - 7 + 31. Suppose 13 = x*m - 1. Let n(j) = -6*j - 1. Let r be n(-6). What is the greatest common divisor of r and m?
7
Suppose 5*k = 2*k + 2*t + 90, -5*t = 0. Let d be (10/(-3)*3)/(1/(-2)). What is the highest common divisor of k and d?
10
Suppose -d = 4*d - 105. Calculate the greatest common factor of 3 and d.
3
Let r = -94 - -198. Suppose 17 = 5*p - 208. Suppose -2*y = -3 + 7, -p = -3*g + 3*y. Calculate the highest common factor of r and g.
13
Suppose 6*x - 87 = x - 2*h, 0 = -5*x + 4*h + 111. Calculate the greatest common divisor of 209 and x.
19
Let s = 39 - 21. What is the highest common factor of s and 45?
9
Let v(y) = -y**3 - 2*y**2 + 7*y + 9. Let r be v(-4). Calculate the highest common factor of 39 and r.
13
Let n(y) = -6 - y + 0*y**2 + 3*y**2 + y**2. Let h be n(-5). What is the greatest common factor of 11 and h?
11
Let p(x) = 198*x. Let o be p(1). Let h = 185 + -99. Suppose 5*s - h = -2*y, s + y + 74 = 5*s. Calculate the highest common divisor of o and s.
18
Suppose -3 = -4*p + 5. Suppose 3*q + 2*y - 244 = -p*y, -415 = -5*q - 5*y. What is the highest common factor of q and 11?
11
Suppose -2 = -m - 0. Let c be -4 - -3 - (m - 11). Calculate the greatest common divisor of 72 and c